ivided by 12?
3
Suppose 90*c - 35612 = 18118. What is the remainder when c is divided by 20?
17
Calculate the remainder when 987 is divided by (-13 - 1060/(-140))/((-1)/7).
37
What is the remainder when 453 is divided by 1/(-11) + 2356/22 + 52 + -59?
53
Let h(a) = 103*a - 1118. What is the remainder when 809 is divided by h(11)?
14
Let q(r) = 2*r + 82. Let f be 25/175 - (-124)/14. Calculate the remainder when q(f) is divided by 22.
12
Let o be ((4 - 5) + 0)*(-7 - -2). Suppose -o*l + 17 = -8. What is the remainder when 24 is divided by l?
4
What is the remainder when ((-124)/6 + (7 - 6))*-273 is divided by 131?
129
Let w be (84/35)/(2/25). Let x be 2/4*1*10. Suppose 185 = x*i - w. What is the remainder when 127 is divided by i?
41
Let u = -418 + 424. Calculate the remainder when ((-1028)/(-4))/1 + u is divided by 44.
43
Suppose -27 + 19 = 4*k. Calculate the remainder when k/(-8) - (-646)/8 is divided by 42.
39
What is the remainder when ((30/(-18))/(-5))/(5/1485) is divided by 23?
7
Let j = 492 - 455. What is the remainder when 48/15*130/4 is divided by j?
30
Let o(z) = -69*z + 8009. Calculate the remainder when o(109) is divided by 159.
11
Suppose 6*x - 85 - 11 = 0. Let t be ((-12)/(-8) - 1)*x. Suppose -t*z + 144 = -2*z. Calculate the remainder when 95 is divided by z.
23
Suppose -10*i + 2011 = 5741. Let f = i + 428. Calculate the remainder when 268 is divided by f.
48
Calculate the remainder when (-5)/10*-10 + 478 - (12 + -7) is divided by 98.
86
Suppose -3*z + 130 = -3*d - 392, 4*d - 4 = 0. What is the remainder when z is divided by 62 + (-36)/8*(-4)/(-6)?
57
Let m(w) = 2*w**2 + w - 125. Let f = -53 - -88. What is the remainder when m(-11) is divided by f?
1
Let g be 2/(-5) - (141/(-15) - 2). Suppose 3*u - g = 58. What is the remainder when 101 is divided by u?
9
Suppose -192*a + 9545 = -77*a. What is the remainder when 1896 is divided by a?
70
Let j be (0/(-2))/(8/(-4) + 4). Suppose 5*b - 2*b - 4*t - 270 = 0, -t - 3 = j. Suppose -17*q + q = -464. What is the remainder when b is divided by q?
28
Suppose -95*i - 703 = -97*i + 127. What is the remainder when i is divided by 134?
13
Let g = -46 - -98. Let o = -35 + g. Suppose -5*q - 11 = -4*y - 66, 4*q - 5*y - 53 = 0. Calculate the remainder when o is divided by q.
3
Suppose 4*v + 3*t = -40, 5*v + 7*t - 3*t + 49 = 0. Let s be 12/(-2 - 4) - (1 + v). Suppose s*x + x - 165 = 0. Calculate the remainder when 28 is divided by x.
13
Let h(l) = -2*l - 3. Suppose 0 = -5*a + 131 + 1629. Let c = a + -311. What is the remainder when c is divided by h(-5)?
6
Let h be 6/(-5) - 11403/(-15). Calculate the remainder when 278 is divided by (-2)/(-10) + h/55.
12
Suppose -27 = -3*z - 0*z + 5*m, 3*m + 9 = 0. Suppose -350 = -z*g + 14. Suppose -23 = -2*w + w. What is the remainder when g is divided by w?
22
Let z(v) = 3*v**2 + 2*v - 12. Let o = -119 - -173. Suppose -4*b - o = -74. Calculate the remainder when z(-4) is divided by b.
3
Suppose 34 + 28 = 2*c. Let p = 140 - c. Calculate the remainder when p is divided by 22.
21
What is the remainder when 10/(-8) + ((-11917)/(-68) - 3) is divided by -1*(-2)/(-4)*-12?
3
Suppose 10*w = 15816 + 544. What is the remainder when w is divided by 82?
78
Let f(j) = j**3 + 9*j**2 + 9*j + 13. Let x be f(-8). Suppose -x*o + 48 = -4*o. Calculate the remainder when o/(-5)*140/(-42) is divided by 17.
15
Suppose 2*c + 4*k = 1828, 3*c - 3*k - 2742 = -6*k. Suppose -59 = 5*r - c. Calculate the remainder when r is divided by (258/120*4)/((-1)/(-5)).
42
Let d(a) = 3*a**3 - a**2 - a - 7. Suppose 2*l - 3*l + 33 = 5*y, 0 = -8*l - 4*y + 156. Calculate the remainder when d(3) is divided by l.
8
Let c = -283 - -283. Suppose c = -3*o + 25*o - 1320. What is the remainder when o is divided by 31?
29
Let a = 19785 + -19781. Calculate the remainder when 170 is divided by a.
2
Suppose 468*f = 331*f + 959. What is the remainder when 75 is divided by f?
5
Let j = 374 + 129. What is the remainder when j is divided by 58?
39
Suppose 244*m - 243*m = 3*q - 16, 2*m = -4*q + 8. What is the remainder when 107 is divided by 49 + q/((-8)/18)?
27
Suppose -2*p + 0*c + 52 = -4*c, -4*c - 8 = 0. Let q(z) = 24 + 5*z + 13*z - 31 - 34. Calculate the remainder when q(7) is divided by p.
19
Let a = 987 + -926. Calculate the remainder when ((-10)/4)/(5/460*-2) is divided by a.
54
Let g(z) = 16*z - 404. Calculate the remainder when 13296 is divided by g(27).
24
Let w be 4/16 + (-38)/(-8). Suppose 44 = 4*n - 4*d, 3*n - 2*n - w*d = 23. What is the remainder when (-3 - 297/(-30))*2*5 is divided by n?
5
Let c = -22 - -5. What is the remainder when 188 is divided by 55 - c/((-17)/6)?
41
Let p(x) = 2*x + 129. Let c be p(-34). Suppose 2 = 21*w - c. Calculate the remainder when 74 is divided by w.
2
Suppose -2*w = -11 - 93. Let n(k) = 13*k + 2. Suppose -18*m = -5*m - 26. What is the remainder when w is divided by n(m)?
24
Suppose 13*i - 2828 = 947 - 1084. Calculate the remainder when i is divided by (-13)/(2/(-2)) - -1.
11
Let b(r) = -7*r + 10*r + 8*r**2 + 37*r**2 - 5*r. Calculate the remainder when 121 is divided by b(1).
35
Let w be (-65)/(-2) + (-6)/(-4). Calculate the remainder when 200 is divided by 5/2 + 1683/w.
44
Let l(v) = 7*v**2 + 189*v + 943. What is the remainder when l(-5) is divided by 7?
5
Let v(l) = 3*l - 80. Let x be v(29). Suppose -4*g + 40 = o, 2*g = -x*o + 12*o - 90. Calculate the remainder when o is divided by 7.
6
Let b(o) = -309*o + 86. Calculate the remainder when b(0) is divided by 31.
24
Let i = 35 + -20. Suppose 0 = 5*j - 41 - 79. Suppose -j*k + 440 = -13*k. Calculate the remainder when k is divided by i.
10
Let t(q) = 3*q - 99. Let l be t(34). Suppose 110 = -l*d + 551. Calculate the remainder when d is divided by 37.
36
Let r = 5457 + -5422. Suppose 4*k - 4*o - o - 673 = 0, -9 = -3*o. What is the remainder when k is divided by r?
32
Suppose m + 2*o = 451, 5*o - 454 = -9*m + 8*m. Calculate the remainder when m is divided by 214.
21
Let c be (-4 - -1)/((21/177)/7). Let b = c - -186. Calculate the remainder when 12 is divided by b.
3
Suppose n + 4*n = 10. Suppose 0*b + 4 = -n*b. Calculate the remainder when b/15 + (-1684)/(-30) is divided by 20.
16
Let s(d) = -d**2 + 13*d - 14. Suppose 0 = 2*q + 2 + 4. Let x = 6 - q. Calculate the remainder when 41 is divided by s(x).
19
Let f be ((-32)/(-10) + -2)*(-40250)/(-21). Suppose 0*k = 4*k - f. Calculate the remainder when k is divided by 34.
31
Let k = 7 + 51. What is the remainder when 136 is divided by k?
20
Let b(a) = -3*a**2 + a**3 - 11*a + 5 + 6 - 1 - 5. Let w be b(5). Suppose k + 2*k - 69 = w. What is the remainder when 68 is divided by k?
22
Let g be (-4)/(-14) - (-88)/(-14). Calculate the remainder when (-1 - (2 - 6))/((-3)/(-221)) is divided by 22/33 + (-188)/g.
29
Let p = -3749 - -3805. What is the remainder when 459 is divided by p?
11
Suppose t - 1906 = -6*t + 1090. What is the remainder when t is divided by 46?
14
Suppose -3*u = 11 - 38. Let o(z) = 10*z - 15. What is the remainder when o(u) is divided by 19?
18
Suppose u + 8*l = 86, -2*l + 134 = -3*u + 7*u. What is the remainder when 13287 is divided by u?
27
Let z(q) = 14*q**2 + 31*q - 19. Calculate the remainder when 2826 is divided by z(-3).
12
Let q(j) = j**2 + 31*j + 122. Let o be q(-5). What is the remainder when 83 is divided by (-10 + 6 + -1)*o?
3
Suppose -310*r = -299*r - 176. Calculate the remainder when 92 is divided by r.
12
Suppose 5*g - 9 - 426 = 0. Suppose 3*a = 198 + 198. What is the remainder when a is divided by 58/g + 55/3?
18
Let v(f) = -3*f + 19. Let o be v(3). Suppose 2*u - 5*z - o = u, 3*u = 3*z + 30. What is the remainder when 117 is divided by u?
7
Suppose -2*k = 12 + 4. Let a be ((-6)/(-8))/(1/k). Let x(g) = -g + 14. Calculate the remainder when 57 is divided by x(a).
17
Let i = 67 - 71. Let o = 5 - i. What is the remainder when (-67)/(-2) - 1/(-2) is divided by o?
7
Suppose -4*r - 306 + 1002 = 0. Suppose -7*k = -57*g + 62*g - 309, -g + 71 = 6*k. What is the remainder when r is divided by g?
56
Let h = 777 - 390. What is the remainder when h is divided by 94?
11
Suppose 124*j - 137*j = 11154. Let y = 868 + j. Calculate the remainder when 42 is divided by y.
2
Let u(j) = -j**3 + j**2 + 44*j - 115. Calculate the remainder when 78 is divided by u(5).
3
Suppose 305 = 3*s + 2*s 